g - 8. Let j be y(6). Let f(a) = 9*a**2 + 2*a + 3. What are the prime factors of f(j)?
5, 7
Suppose -3*c = -5*v + c + 383, 2*v - 144 = -3*c. Suppose o + v = 6*o. What are the prime factors of o?
3, 5
Let r(z) = 13*z - 1. Let p(o) = o - 4. Let x = -8 - -13. Let t be p(x). List the prime factors of r(t).
2, 3
Let z = -4 - -20. Let n(p) = 3*p - 9. List the prime factors of n(z).
3, 13
Suppose -3*m - 3*c + 246 = -18, m - 94 = 2*c. List the prime factors of m.
2, 3, 5
Suppose -4*o = -2*o - 16. Let w = o - 6. Suppose -3*c + w*c - 3*y = -8, y + 2 = 0. List the prime factors of c.
2, 7
Let a(o) = o**3 + 4*o**2 + 3*o + 1. Let h be a(-2). Suppose -5*g + 11 = -3*w, -3*w - 1 = h*g - 22. Let u(d) = d**2 - 3*d. List the prime factors of u(g).
2
List the prime factors of (6*(-1)/(-4))/((-1)/(-22)).
3, 11
Let f(t) = t**2 + 6*t + 4. Suppose 3*j + 18 = -3*r, 0 = 3*j - 4*r + r + 18. Let b be f(j). What are the prime factors of (30/4)/(2/b)?
3, 5
Let k(h) = h**2 - 3*h - 4. Let f be k(4). Suppose -d + 53 = 3*b + 20, 4*d - 4*b - 116 = f. List the prime factors of d.
2, 3, 5
Let x(f) = -3*f**2 - 8*f + 0*f**2 - 4*f**2 + f**3 + 4*f**2 + 7. Let l be x(5). Suppose 4*m = 11 + l. What are the prime factors of m?
7
Let k(y) = -4*y**2 - 5*y + 17. Let u(w) = 5*w**2 + 4*w - 16. Let h(r) = 6*k(r) + 5*u(r). What are the prime factors of h(9)?
13
Let i(t) = -2*t + 20. What are the prime factors of i(0)?
2, 5
Let o(w) be the first derivative of -w**3/3 - 7*w**2/2 - 6*w + 1. Let x be o(-6). What are the prime factors of (-2 + x)/((-2)/4)?
2
Suppose -2*j = 2*b + 3*j - 99, -4*b - 3*j = -219. Suppose 4*o = -b + 209. What are the prime factors of o?
2, 19
Let y(l) = l**2 - 2*l + 9. List the prime factors of y(6).
3, 11
Let h be 1 + 0 + 2 + -1. Let m(j) = 18*j - 4*j - 5*j. What are the prime factors of m(h)?
2, 3
Suppose -d = 5*j + 3*d + 167, -74 = 2*j + 4*d. Let b = -20 - j. What are the prime factors of b?
11
Let h = -4 + 6. Suppose h*t = -4*l + 80, -26 - 74 = -4*l + 3*t. List the prime factors of l.
2, 11
Let z be 12*(4/6)/(-1). Let v = -18 - z. List the prime factors of 1/(19/v - -2).
2, 5
What are the prime factors of 21/42*(0 + 269 - 1)?
2, 67
Suppose -2*u + 264 = 98. What are the prime factors of u?
83
Suppose 36 = 2*k + k. What are the prime factors of k/(-9)*(-9)/6?
2
Suppose 12 = 3*j, 4*t - j + 1 = -3. Let i = t + 4. List the prime factors of i.
2
Let a be (39/(-13))/(1/(-23)). Let k = -47 + a. List the prime factors of k.
2, 11
Suppose -5*a + 0*a - 135 = 0. List the prime factors of ((-18)/a)/(2/42).
2, 7
Let z(s) be the third derivative of -s**4/6 - 2*s**3/3 - 2*s**2. What are the prime factors of z(-4)?
2, 3
Suppose -t = -2*p - 3*t + 202, 0 = -t - 5. What are the prime factors of p?
2, 53
List the prime factors of ((-2)/5)/(5/(-25)).
2
Suppose 1 = -2*a - 5. Suppose 3*h = 2*h - 4, 0 = 4*n + 3*h + 4. What are the prime factors of n/((-3)/a)*6?
2, 3
List the prime factors of 3 + (-40)/16 - 670/(-4).
2, 3, 7
Suppose -2*u + 5*u - 36 = 0. Suppose -j - u = -2*j. What are the prime factors of j?
2, 3
Let t(j) = 3*j - 4. Let f(i) = 3*i - 5. Let n(l) = 3*f(l) - 4*t(l). List the prime factors of n(-8).
5
Let k(j) = 2 - j + 4*j + 0. Let s(m) = m**3 - 4*m**2 + m - 1. Let w be s(4). List the prime factors of k(w).
11
Suppose -5*z - 4 = -z + 5*g, -5*g = 20. Suppose -4*x = -z*b + 4, 5*x - 4 = -b + 21. Suppose -5*n + n = -b*o + 31, -8 = 4*o + 5*n. List the prime factors of o.
3
Let v be -1*2 - (-5 + 2). Let z = 2 + 1. Let w = z - v. What are the prime factors of w?
2
Suppose 4*b - 2*n - 482 = b, -4*b = 4*n - 676. What are the prime factors of b?
2, 41
What are the prime factors of (19/(-2))/(-2 + (-102)/(-52))?
13, 19
Let t(m) = -2*m. Let y be t(-1). Suppose 0 = -3*o - y*r + 34, -r - 3*r = -4*o + 12. List the prime factors of o.
2
Let l = -1 - -1. Suppose l*w = -w. Suppose w = 3*b - j - 1, 2*b = -0*b - 3*j + 19. List the prime factors of b.
2
Let f = 504 - 301. What are the prime factors of f?
7, 29
Let l be 12/3 + 1 + -3. Suppose -4*v - 5*h = -83 + 24, -50 = -4*v - l*h. Suppose -2*w = 5*y - v, 0 = 3*w + 2*y + 8 - 41. What are the prime factors of w?
13
Let i(n) = 30*n + 12. List the prime factors of i(10).
2, 3, 13
Let t(n) = -n**2 + 9*n + 11. Let o(a) = a**3 + 5*a**2 - 2*a - 1. Let w be o(-5). List the prime factors of t(w).
11
Suppose 4*z = -z + 495. Let u = z - 70. List the prime factors of u.
29
Suppose 5*m + 2*v = 326, -3*m + 4*m - 68 = v. What are the prime factors of m?
2, 3, 11
Let w(t) = t**3 - 3*t**2 - 2*t - 3. Let d be w(4). Let x = 9 - d. List the prime factors of x.
2
List the prime factors of 602/3*(-4)/8*-3.
7, 43
Suppose 0 = 2*w - 17 - 9. List the prime factors of w.
13
Let k = -101 + -216. Let o = -9 + k. List the prime factors of (-6)/21 + o/(-14).
23
Let m be 0/((-2)/2 + 4). Let w(t) = 6 - 3 + m*t + t. List the prime factors of w(3).
2, 3
Let i(o) be the second derivative of o**4/12 - o**3/6 + 3*o**2/2 - 2*o. List the prime factors of i(0).
3
Suppose 18 = 5*s + 4*r + 44, 2*s = -5*r - 24. Let b = s + 1. What are the prime factors of 14 + (0 + b - 1)?
2, 3
Let i(t) = -t - 8. Let r(a) = -a - 6. Let y be r(0). Let l be i(y). Let u = l + 7. What are the prime factors of u?
5
Let k = -9 - -72. What are the prime factors of k?
3, 7
Suppose -4*y + 6*y - 120 = 0. Suppose -4 = o, 2*x + 10 = -2*o + y. List the prime factors of x.
29
What are the prime factors of 2618/(-85)*-1*5?
2, 7, 11
Suppose 0 = -2*m - 3*l + 12, 2*l = -2*l. List the prime factors of m.
2, 3
Let l be -3 - (-2 + 3) - -3. What are the prime factors of (-4 - l) + 5 + 1?
3
Let s(v) = -v**2 + 4*v + 3. Let u = 2 - -1. What are the prime factors of s(u)?
2, 3
Let t(b) = 3*b**3 + 5*b**2 - 4*b - 2. What are the prime factors of t(2)?
2, 17
Let y = 0 + 4. Suppose 2*z - 62 = -y*d, 0 = -d - z + 2*z + 8. What are the prime factors of d?
13
Suppose -4*y + 148 = -120. What are the prime factors of y?
67
Let v(s) = -2*s**2 - 6*s - 5. Let l be v(-5). Let m = 36 + l. Let q = 0 + m. List the prime factors of q.
11
Suppose -48 = -2*f + 5*y, -3*f + y + 47 = -25. Let t = 36 - f. List the prime factors of ((-33)/t)/(1/(-4)).
11
Let f(i) = i**2 - 5*i + 13. What are the prime factors of f(7)?
3
Let v(s) be the second derivative of -s**3/6 + 9*s**2 + 5*s. What are the prime factors of v(12)?
2, 3
Let m(d) = -d**2 - 13*d + 20. What are the prime factors of m(-13)?
2, 5
Suppose a + 1 = 0, -2*u - 2*a = 3*u - 378. List the prime factors of u.
2, 19
Let k = -4 + 6. Let t be (1 + 8)/(k - 3). What are the prime factors of (t/(-2))/((-9)/(-12))?
2, 3
Suppose -4*a + 130 + 46 = 0. List the prime factors of a.
2, 11
Let c = 87 - 30. List the prime factors of c.
3, 19
Let g = -51 - -148. List the prime factors of g.
97
Suppose 0 = -x + 6*x + 2*a - 25, 2*x - 3*a = 29. Let l(k) = 7*k**2 - 15*k + 7. Let q(h) = -h**2 + h. Let m(t) = -l(t) - 6*q(t). List the prime factors of m(x).
7
Let i(h) = -h + 4. Let p be i(0). Suppose -p*z + 76 - 24 = 0. What are the prime factors of z?
13
Suppose v - 77 = -z, 4 = -4*v + 5*v. What are the prime factors of z?
73
List the prime factors of 24/2 - (8 + -7).
11
Let t(r) = -r - 8. Let h be t(-4). What are the prime factors of h/6 + (-280)/(-6)?
2, 23
Suppose 5*o - 176 + 166 = 0. List the prime factors of o.
2
Suppose -24 - 11 = -5*z. Let y(j) = j - 10. Let b be y(z). List the prime factors of 124/8 + b/6.
3, 5
Let a(p) = p**3 - 5*p**2 + p - 2. Suppose -4 = m - 5*j - 25, 2*m + 2*j = 6. Let r be a(m). Suppose -4*h + 0*h + r = 0. What are the prime factors of h?
2, 5
Let o be 5/(-20) - 53/(-4). Suppose 4*l - o = 7. Suppose l*x - 44 = -2*p, 0 = p - 2*x + 1 - 5. What are the prime factors of p?
2, 3
Let v(q) = q**2 - 7*q + 41. List the prime factors of v(12).
101
Let p = -9 + 14. Suppose 2*z = -4*m + p*z + 39, 2*m = -3*z + 33. List the prime factors of m.
2, 3
Let q = -5 + 7. Suppose -3*z = -q*z - 8. List the prime factors of z.
2
Suppose -3*g - 4 = 14. Let y(b) = -b + 1. List the prime factors of y(g).
7
Let o(j) = -44*j - 1. Let n be o(-3). Suppose 4*h + 4*s = s + n, -s = -4*h + 127. Suppose h = -5*k + 9*k. List the prime factors of k.
2
Let f(d) = 2*d**2 + 5*d - 14. List the prime factors of f(4).
2, 19
Let g(t) = 156*t**2 + 2*t - 2. List the prime factors of g(1).
2, 3, 13
List the prime factors of (-780)/(-4) + (-2